r when 742 is divided by 147.
7
Calculate the remainder when 2 is divided by 2.
0
What is the remainder when 684 is divided by 49?
47
Calculate the remainder when 3127 is divided by 778.
15
What is the remainder when 27 is divided by 11?
5
What is the remainder when 796 is divided by 112?
12
What is the remainder when 70 is divided by 36?
34
Calculate the remainder when 216 is divided by 112.
104
What is the remainder when 127 is divided by 67?
60
What is the remainder when 600 is divided by 19?
11
Calculate the remainder when 243 is divided by 124.
119
Calculate the remainder when 10335 is divided by 19.
18
Calculate the remainder when 277 is divided by 69.
1
What is the remainder when 46 is divided by 5?
1
Calculate the remainder when 597 is divided by 20.
17
Calculate the remainder when 17178 is divided by 69.
66
Calculate the remainder when 96 is divided by 30.
6
What is the remainder when 453 is divided by 164?
125
What is the remainder when 200 is divided by 9?
2
Calculate the remainder when 151 is divided by 49.
4
What is the remainder when 181 is divided by 91?
90
What is the remainder when 1516 is divided by 69?
67
What is the remainder when 683 is divided by 44?
23
What is the remainder when 278 is divided by 72?
62
Calculate the remainder when 9319 is divided by 158.
155
What is the remainder when 1299 is divided by 11?
1
What is the remainder when 6717 is divided by 48?
45
Calculate the remainder when 206 is divided by 39.
11
What is the remainder when 3767 is divided by 26?
23
What is the remainder when 321 is divided by 54?
51
What is the remainder when 884 is divided by 129?
110
What is the remainder when 727 is divided by 28?
27
Calculate the remainder when 12647 is divided by 91.
89
What is the remainder when 476 is divided by 9?
8
What is the remainder when 438 is divided by 22?
20
What is the remainder when 496 is divided by 66?
34
Calculate the remainder when 305 is divided by 80.
65
Calculate the remainder when 119 is divided by 20.
19
Calculate the remainder when 380 is divided by 341.
39
What is the remainder when 45 is divided by 4?
1
What is the remainder when 116 is divided by 40?
36
What is the remainder when 629 is divided by 123?
14
What is the remainder when 201 is divided by 53?
42
What is the remainder when 96 is divided by 36?
24
Calculate the remainder when 162 is divided by 47.
21
What is the remainder when 421 is divided by 61?
55
Calculate the remainder when 57 is divided by 21.
15
Calculate the remainder when 51279 is divided by 19.
17
What is the remainder when 401 is divided by 8?
1
What is the remainder when 427 is divided by 44?
31
Calculate the remainder when 1586 is divided by 338.
234
What is the remainder when 13035 is divided by 318?
315
Calculate the remainder when 1377 is divided by 106.
105
Calculate the remainder when 317 is divided by 17.
11
What is the remainder when 280 is divided by 17?
8
What is the remainder when 777 is divided by 131?
122
Calculate the remainder when 167 is divided by 58.
51
What is the remainder when 521 is divided by 31?
25
Calculate the remainder when 49 is divided by 16.
1
What is the remainder when 59 is divided by 11?
4
Calculate the remainder when 313 is divided by 35.
33
What is the remainder when 13 is divided by 9?
4
What is the remainder when 18338 is divided by 131?
129
Calculate the remainder when 117 is divided by 6.
3
What is the remainder when 760 is divided by 6?
4
What is the remainder when 78 is divided by 35?
8
Calculate the remainder when 1027 is divided by 93.
4
Calculate the remainder when 8458 is divided by 35.
23
What is the remainder when 127 is divided by 59?
9
Calculate the remainder when 403 is divided by 70.
53
What is the remainder when 281 is divided by 51?
26
Calculate the remainder when 47 is divided by 11.
3
Calculate the remainder when 588 is divided by 586.
2
Calculate the remainder when 156 is divided by 20.
16
Calculate the remainder when 88 is divided by 81.
7
What is the remainder when 1403 is divided by 117?
116
Calculate the remainder when 627 is divided by 91.
81
Calculate the remainder when 79401 is divided by 74.
73
Calculate the remainder when 2847 is divided by 236.
15
What is the remainder when 176 is divided by 33?
11
What is the remainder when 670 is divided by 42?
40
What is the remainder when 22 is divided by 16?
6
Calculate the remainder when 154 is divided by 24.
10
What is the remainder when 44 is divided by 35?
9
What is the remainder when 181 is divided by 31?
26
Calculate the remainder when 316 is divided by 75.
16
What is the remainder when 224 is divided by 46?
40
What is the remainder when 771 is divided by 56?
43
What is the remainder when 54 is divided by 10?
4
Calculate the remainder when 123 is divided by 23.
8
What is the remainder when 437 is divided by 44?
41
Calculate the remainder when 1726 is divided by 250.
226
Calculate the remainder when 276 is divided by 56.
52
Calculate the remainder when 34 is divided by 31.
3
Calculate the remainder when 262 is divided by 84.
10
What is the remainder when 143 is divided by 18?
17
What is the remainder when 1142 is divided by 26?
24
Calculate the remainder when 90 is divided by 6.
0
What is the remainder when 475 is divided by 79?
1
What is the remainder when 354 is divided by 20?
14
What is the remainder when 313 is divided by 19?
9
Calculate the remainder when 1582 is divided by 66.
64
Calculate the remainder when 25052 is divided by 216.
212
Calculate the remainder when 1985 is divided by 8.
1
Calculate the remainder when 351 is divided by 168.
15
Calculate the remainder when 44362 is divided by 109.
108
What is the remainder when 292 is divided by 98?
96
Calculate the remainder when 589 is divided by 16.
13
Calculate the remainder when 1017 is divided by 102.
99
What is the remainder when 17 is divided by 17?
0
Calculate the remainder when 3846 is divided by 74.
72
What is the remainder when 10461 is divided by 16?
13
Calculate the remainder when 4856 is divided by 30.
26
Calculate the remainder when 33 is divided by 19.
14
What is the remainder when 1887 is divided by 16?
15
What is the remainder when 755 is divided by 95?
90
Calculate the remainder when 286 is divided by 16.
14
What is the remainder when 124 is divided by 37?
13
What is the remainder when 762 is divided by 183?
30
What is the remainder when 394 is divided by 109?
67
Calculate the remainder when 1480 is divided by 728.
24
What is the remainder when 341 is divided by 44?
33
Calculate the remainder when 506 is divided by 359.
147
Calculate the remainder when 36 is divided by 36.
0
Calculate the remainder when 1688 is divided by 82.
48
Calculate the remainder when 3519 is divided by 110.
109
What is the remainder when 1762 is divided by 12?
10
Calculate the remainder when 650 is divided by 109.
105
Calculate the remainder when 7 is divided by 7.
0
What is the remainder when 3491 is divided by 97?
96
Calculate the remainder when 167 is divided by 18.
5
What is the remainder when 9811 is divided by 7?
4
What is the remainder when 692 is divided by 116?
112
Calculate the remainder when 6759 is divided by 6.
3
Calculate the remainder when 69215 is divided by 24.
23
What is the remainder when 982 is divided by 12?
10
Calculate the remainder when 3272 is divided by 39.
35
Calculate the remainder when 5295 is divided by 57.
51
What is the remainder when 71 is divided by 18?
17
Calculate the remainder when 15298 is divided by 20.
18
What is the remainder when 47 is divided by 16?
15
Calculate the remainder when 10006 is divided by 130.
126
What is the remainder when 1714 is divided by 39?
37
Calculate the remainder when 1536 is divided by 29.
28
Calculate the remainder when 6164 is divided by 9.
8
What is the remainder when 83 is divided by 40?
3
Calculate the remainder when 189 is divided by 13.
7
What is the remainder when 1379 is divided by 33?
26
What is the remainder when 1376 is divided by 1373?
3
Calculate the remainder when 341 is divided by 160.
21
What is the remainder when 3340 is divided by 17?
8
What is the remainder when 814 is divided by 24?
22
What is the remainder when 323 is divided by 41?
36
Calculate the remainder when 291 is divided by 45.
21
What is the remainder when 178 